n thousands digit of 64896?
6
What is the units digit of 549085?
5
What is the tens digit of 1214188?
8
What is the millions digit of 27001358?
7
What is the thousands digit of 2315723?
5
What is the units digit of 932045?
5
What is the ten thousands digit of 25220460?
2
What is the hundred thousands digit of 3355289?
3
What is the tens digit of 993150?
5
What is the tens digit of 19076454?
5
What is the hundred thousands digit of 842044?
8
What is the tens digit of 9976654?
5
What is the tens digit of 272785?
8
What is the tens digit of 16202276?
7
What is the tens digit of 64003?
0
What is the hundred thousands digit of 556945?
5
What is the tens digit of 828912?
1
What is the ten thousands digit of 8841381?
4
What is the units digit of 52286?
6
What is the millions digit of 4454146?
4
What is the hundreds digit of 1145574?
5
What is the tens digit of 13143805?
0
What is the ten thousands digit of 15032769?
3
What is the hundreds digit of 221136?
1
What is the thousands digit of 1491783?
1
What is the ten thousands digit of 6740093?
4
What is the hundred thousands digit of 4927411?
9
What is the tens digit of 1297609?
0
What is the tens digit of 47517?
1
What is the ten millions digit of 34149329?
3
What is the hundreds digit of 2234550?
5
What is the hundred thousands digit of 265933?
2
What is the hundreds digit of 31624027?
0
What is the hundred thousands digit of 1174789?
1
What is the hundred thousands digit of 117433?
1
What is the tens digit of 905277?
7
What is the millions digit of 6806671?
6
What is the ten thousands digit of 994767?
9
What is the tens digit of 905125?
2
What is the ten thousands digit of 2660567?
6
What is the units digit of 3960557?
7
What is the ten thousands digit of 176615?
7
What is the tens digit of 5797630?
3
What is the thousands digit of 533683?
3
What is the ten thousands digit of 294730?
9
What is the hundreds digit of 51219?
2
What is the units digit of 516768?
8
What is the units digit of 3262?
2
What is the hundred thousands digit of 13485176?
4
What is the ten thousands digit of 504895?
0
What is the tens digit of 30390374?
7
What is the hundreds digit of 323304?
3
What is the hundreds digit of 18978?
9
What is the thousands digit of 1670963?
0
What is the units digit of 107900?
0
What is the hundreds digit of 629350?
3
What is the tens digit of 973189?
8
What is the millions digit of 13968211?
3
What is the hundreds digit of 100240?
2
What is the thousands digit of 577374?
7
What is the ten thousands digit of 2377004?
7
What is the hundreds digit of 16148?
1
What is the hundreds digit of 389166?
1
What is the units digit of 9628718?
8
What is the units digit of 59042?
2
What is the hundred thousands digit of 500517?
5
What is the tens digit of 255747?
4
What is the hundreds digit of 874133?
1
What is the ten millions digit of 10589158?
1
What is the ten thousands digit of 2311223?
1
What is the hundred thousands digit of 751812?
7
What is the millions digit of 1370731?
1
What is the hundreds digit of 137060?
0
What is the tens digit of 8913616?
1
What is the thousands digit of 4394326?
4
What is the ten thousands digit of 22435367?
3
What is the hundreds digit of 4986477?
4
What is the ten thousands digit of 744319?
4
What is the hundred thousands digit of 1743403?
7
What is the hundred thousands digit of 392319?
3
What is the tens digit of 32274036?
3
What is the thousands digit of 686670?
6
What is the ten thousands digit of 2269524?
6
What is the millions digit of 4229776?
4
What is the hundreds digit of 1474839?
8
What is the hundreds digit of 647414?
4
What is the tens digit of 3978642?
4
What is the ten millions digit of 10943629?
1
What is the ten thousands digit of 8617379?
1
What is the hundreds digit of 103910?
9
What is the thousands digit of 427783?
7
What is the units digit of 147601?
1
What is the hundred thousands digit of 121392?
1
What is the tens digit of 226887?
8
What is the units digit of 286371?
1
What is the thousands digit of 85399?
5
What is the tens digit of 195655?
5
What is the tens digit of 799925?
2
What is the hundreds digit of 10684825?
8
What is the thousands digit of 3885905?
5
What is the hundred thousands digit of 866202?
8
What is the ten millions digit of 18824445?
1
What is the units digit of 2168160?
0
What is the tens digit of 725889?
8
What is the thousands digit of 2832073?
2
What is the hundred thousands digit of 633897?
6
What is the hundred thousands digit of 359795?
3
What is the hundreds digit of 487989?
9
What is the hundred thousands digit of 189207?
1
What is the ten thousands digit of 66931?
6
What is the tens digit of 128964?
6
What is the tens digit of 110746?
4
What is the thousands digit of 39065?
9
What is the units digit of 540247?
7
What is the hundreds digit of 138080?
0
What is the hundred thousands digit of 1464659?
4
What is the hundreds digit of 112889?
8
What is the millions digit of 3782380?
3
What is the units digit of 1049903?
3
What is the ten thousands digit of 1029752?
2
What is the thousands digit of 320549?
0
What is the hundreds digit of 13919928?
9
What is the ten millions digit of 10171608?
1
What is the tens digit of 739971?
7
What is the units digit of 235327?
7
What is the units digit of 217610?
0
What is the ten thousands digit of 533978?
3
What is the millions digit of 24679077?
4
What is the hundreds digit of 16949169?
1
What is the tens digit of 43255?
5
What is the hundred thousands digit of 138757?
1
What is the millions digit of 21202213?
1
What is the tens digit of 983421?
2
What is the tens digit of 129629?
2
What is the hundreds digit of 67160?
1
What is the units digit of 382696?
6
What is the thousands digit of 105360?
5
What is the hundred thousands digit of 19891149?
8
What is the tens digit of 688465?
6
What is the ten thousands digit of 836203?
3
What is the hundred thousands digit of 689200?
6
What is the tens digit of 43269?
6
What is the hundreds digit of 663892?
8
What is the hundreds digit of 5441108?
1
What is the hundred thousands digit of 4243721?
2
What is the hundred thousands digit of 313127?
3
What is the thousands digit of 14346075?
6
What is the ten thousands digit of 1164225?
6
What is the tens digit of 3707922?
2
What is the thousands digit of 4496769?
6
What is the hundreds digit of 11798231?
2
What is the hundred thousands digit of 21669593?
6
What is the tens digit of 625487?
8
What is the hundred thousands digit of 604801?
6
What is the ten thousands digit of 1784376?
8
What is the hundreds digit of 153167?
1
What is the millions digit of 5249129?
5
What is the units digit of 18125714?
4
What is the thousands digit of 13316472?
6
What is the millions digit of 6251842?
6
What is the ten thousands digit of 10149657?
4
What is the hundreds digit of 6876373?
3
What is the ten thousands digit of 1503886?
0
What is the hundreds digit of 875049?
0
What is the hundred thousands digit of 686940?
6
What is the tens digit of 882618?
1
What is the tens digit of 181327?
2
What is the hundreds digit of 8574000?
0
What is the millions digit of 5037846?
5
What is the hundreds digit of 276936?
9
What is the hundreds digit of 109940?
9
What is the millions digit of 3557666?
3
What is the units digit of 155019?
9
What is the thousands digit of 1395142?
5
What is the hundreds digit of 25037577?
5
What is the thousands digit of 142882?
2
What is the tens digit of 478108?
0
What is the tens digit of 620416?
1
What is the ten thousands digit of 2285144?
8
What is the units digit of 2737245?
5
What is the millions digit of 3336970?
3
What is the units digit of 342279?
9
What is the hundred thousands digit of 1957032?
9
What is the thousands digit of 145405?
5
What is the ten thousands digit of 1045623?
4
What is the millions digit of 7975325?
7
What is the hundreds digit of 4077882?
8
What is the ten millions digit of 22887709?
2
What is the tens digit of 29602379?
7
What is the thousands digit of 251649?
1
What is the thousands digit of 5720259?
0
What is the ten thousands digit of 911152?
1
What is the units digit of 2953533?
3
What is the thousands digit of 5550769?
0
What is the thousands digit of 1912186?
2
What is the tens digit of 445036?
3
What is the hundred thousands digit of 3524824?
5
What is